 prime factors of 73362043.
73362043
List the prime factors of 796748035.
5, 109, 1461923
What are the prime factors of 50710957?
11, 4610087
List the prime factors of 593270391.
3, 7, 71, 56843
List the prime factors of 2324648212.
2, 31, 18747163
List the prime factors of 755221095.
3, 5, 16782691
List the prime factors of 31554237.
3, 11, 13, 73553
What are the prime factors of 5709985995?
3, 5, 7, 97, 211, 2657
List the prime factors of 44321864.
2, 1429, 3877
What are the prime factors of 1225027?
31, 43, 919
List the prime factors of 7882311.
3, 677, 3881
What are the prime factors of 528391748?
2, 19, 67, 103769
List the prime factors of 46564151.
41, 1135711
List the prime factors of 586520021.
586520021
List the prime factors of 567413887.
23, 61, 404429
What are the prime factors of 105891374?
2, 1669, 31723
What are the prime factors of 24861608?
2, 3107701
List the prime factors of 3022733.
7, 61, 7079
List the prime factors of 4119006096.
2, 3, 28604209
List the prime factors of 3862926449.
3862926449
List the prime factors of 730173045.
3, 5, 7, 317, 21937
What are the prime factors of 52141506?
2, 3, 23, 53, 7129
List the prime factors of 40829259.
3, 283, 48091
List the prime factors of 68810535.
3, 5, 43, 827
What are the prime factors of 2942632001?
29, 101470069
List the prime factors of 1528912957.
11, 13, 19, 562721
List the prime factors of 129039624.
2, 3, 7, 256031
List the prime factors of 205441082.
2, 7, 11, 761, 1753
What are the prime factors of 131854338?
2, 3, 7, 11, 19, 1669
What are the prime factors of 3700608385?
5, 22993, 32189
List the prime factors of 3974458621.
7, 567779803
What are the prime factors of 1573286479?
1573286479
List the prime factors of 28037840.
2, 5, 73, 4801
List the prime factors of 1471770325.
5, 17, 3462989
What are the prime factors of 4308090?
2, 3, 5, 163, 881
What are the prime factors of 3327517109?
7, 7817, 60811
What are the prime factors of 86380838?
2, 59, 732041
List the prime factors of 210400668.
2, 3, 5844463
What are the prime factors of 233620601?
71, 3290431
What are the prime factors of 3192694?
2, 1596347
What are the prime factors of 47554864?
2, 7, 424597
List the prime factors of 601959259.
11, 4327, 12647
What are the prime factors of 411277681?
29, 37, 383297
List the prime factors of 8577981.
3, 137, 773
What are the prime factors of 86799038?
2, 79, 317, 1733
List the prime factors of 46410575.
5, 241, 7703
List the prime factors of 5172470642.
2, 2586235321
List the prime factors of 4431926638.
2, 2215963319
What are the prime factors of 2167394369?
7, 309627767
What are the prime factors of 64219474?
2, 11, 107, 27281
What are the prime factors of 17303448?
2, 3, 199, 3623
List the prime factors of 862809149.
137, 1097, 5741
What are the prime factors of 22432298?
2, 7, 228901
List the prime factors of 172201669.
172201669
List the prime factors of 67192001.
67192001
List the prime factors of 2542398141.
3, 127, 52543
List the prime factors of 231647802.
2, 3, 4073, 9479
What are the prime factors of 9427617?
3, 349171
What are the prime factors of 28843473?
3, 139, 263
List the prime factors of 494598054.
2, 3, 1493, 55213
List the prime factors of 408678334.
2, 17, 19, 632629
List the prime factors of 5194230642.
2, 3, 61, 389, 12161
List the prime factors of 683560901.
11273, 60637
List the prime factors of 1400016820.
2, 5, 1997, 35053
What are the prime factors of 5841457?
83, 70379
List the prime factors of 3183709554.
2, 3, 176872753
What are the prime factors of 459849301?
997, 461233
What are the prime factors of 33501177?
3, 29, 47, 2731
What are the prime factors of 365208642?
2, 3, 109, 62047
What are the prime factors of 3488843808?
2, 3, 101, 277, 433
What are the prime factors of 163431903?
3, 54477301
What are the prime factors of 8744659?
7, 11, 113567
What are the prime factors of 669010795?
5, 347, 385597
List the prime factors of 73966601.
19, 3892979
What are the prime factors of 7685269653?
3, 13523, 189437
What are the prime factors of 1232909185?
5, 246581837
What are the prime factors of 133049680?
2, 5, 29, 57349
List the prime factors of 44199640.
2, 5, 41, 26951
List the prime factors of 1978091418.
2, 3, 43, 7667021
List the prime factors of 1847030945.
5, 19, 19442431
List the prime factors of 38416549.
17, 41, 55117
What are the prime factors of 1554858654?
2, 3, 19, 13639111
What are the prime factors of 2673496022?
2, 29, 46094759
List the prime factors of 1271443585.
5, 2251, 112967
What are the prime factors of 45832422?
2, 3, 23, 67, 4957
What are the prime factors of 613051304?
2, 76631413
List the prime factors of 1906790612.
2, 476697653
List the prime factors of 88949163.
3, 61, 486061
List the prime factors of 23680458.
2, 3, 438527
List the prime factors of 58776314.
2, 239, 122963
What are the prime factors of 17155868?
2, 1613, 2659
What are the prime factors of 231466907?
7, 173, 191137
What are the prime factors of 6242632395?
3, 5, 97, 4290469
What are the prime factors of 109563081?
3, 307, 337, 353
What are the prime factors of 566866697?
41, 13826017
What are the prime factors of 40530572?
2, 19, 533297
What are the prime factors of 127306078?
2, 63653039
List the prime factors of 25280612.
2, 7, 263, 3433
What are the prime factors of 28245015?
3, 5, 627667
What are the prime factors of 171207?
3, 17, 373
What are the prime factors of 97201522?
2, 11, 1619, 2729
List the prime factors of 44008132.
2, 7, 1571719
List the prime factors of 159569748.
2, 3, 13, 59, 5779
What are the prime factors of 399378430?
2, 5, 11, 29, 125197
List the prime factors of 80633617.
53, 419, 3631
List the prime factors of 2110530915.
3, 5, 46900687
List the prime factors of 72349294.
2, 61, 179, 3313
What are the prime factors of 2421227?
19, 353
What are the prime factors of 43654762?
2, 21827381
What are the prime factors of 6534730854?
2, 3, 363040603
What are the prime factors of 9293336?
2, 13, 193, 463
What are the prime factors of 156985525?
5, 6279421
What are the prime factors of 210160944?
2, 3, 7, 208493
List the prime factors of 495310197.
3, 165103399
List the prime factors of 100065348.
2, 3, 137, 6763
List the prime factors of 91925591.
19, 4838189
List the prime factors of 482502441.
3, 23, 43, 162623
What are the prime factors of 504199464?
2, 3, 17, 769, 1607
What are the prime factors of 26632379?
31, 859109
What are the prime factors of 91437419?
47, 797, 2441
List the prime factors of 564920239.
13, 149, 291647
What are the prime factors of 1134222469?
257, 4413317
What are the prime factors of 1770102741?
3, 11, 3733, 14369
List the prime factors of 116064486.
2, 3, 23, 37, 7577
List the prime factors of 23944125.
3, 5, 67, 953
What are the prime factors of 2640440320?
2, 5, 7, 73673
What are the prime factors of 24877542?
2, 3, 37, 112061
List the prime factors of 3011617255.
5, 3011, 200041
List the prime factors of 4690855049.
4690855049
What are the prime factors of 73404018?
2, 3, 223, 18287
What are the prime factors of 16576933?
61, 271753
What are the prime factors of 3010702122?
2, 3, 18584581
List the prime factors of 1448086955.
5, 7, 5910559
List the prime factors of 220019424.
2, 3, 67, 79, 433
What are the prime factors of 1060549399?
7, 13, 109, 106921
What are the prime factors of 4723680105?
3, 5, 4003, 8741
What are the prime factors of 207542739?
3, 467, 148139
What are the prime factors of 141514458?
2, 3, 23585743
List the prime factors of 199080646.
2, 37, 83, 32413
What are the prime factors of 688876378?
2, 344438189
What are the prime factors of 7672279539?
3, 2557426513
List the prime factors of 839802261.
3, 17, 19, 503, 1723
What are the prime factors of 54375415?
5, 10875083
List the prime factors of 74405621.
23, 3235027
What are the prime factors of 511983818?
2, 23, 11130083
List the prime factors of 209057404.
2, 29, 1802219
List the prime factors of 278388211.
278388211
What are the prime factors of 41462535?
3, 5, 43, 64283
What are the prime factors of 66360337?
1019, 65123
List the prime factors of 143626918.
2, 367, 195677
List the prime factors of 77508386.
2, 4663, 8311
List the prime factors of 73887052.
2, 1009, 18307
What are the prime factors of 5984132284?
